er when s is divided by p?
7
Let j be (7/14)/((-2)/(-8)). Let x(p) = 3*p. What is the remainder when 16 is divided by x(j)?
4
Let t(b) be the second derivative of -b**3/6 - b**2 + 6*b. Suppose 0 = -2*c - 7 - 9. What is the remainder when 10 is divided by t(c)?
4
Let u = -26 - -79. Calculate the remainder when u is divided by 27.
26
Let k be ((-2)/2)/(4/56). Calculate the remainder when 11 is divided by k/(-6) + 2/3.
2
Let p = 5 + -3. Let g = p - -4. What is the remainder when 22 is divided by g?
4
Let u(m) = m + 22. Calculate the remainder when 33 is divided by u(-10).
9
Suppose 20 = -7*i + 12*i. Let s = i - 1. Suppose 0 = 5*f + 3*j - 31, f = -f - s*j + 16. What is the remainder when f is divided by 4?
1
Let i(m) = -m**2 + 13*m + 2. Calculate the remainder when 25 is divided by i(12).
11
Let c = 4 + -4. Let q be (2 + -3)/(-1) - -3. Let f = q - c. What is the remainder when 15 is divided by f?
3
Suppose -2*j + 11 = -7. Calculate the remainder when j is divided by 7.
2
Suppose 0 = -b + 9 - 3. What is the remainder when b is divided by 4?
2
Let w = 2 - -25. What is the remainder when 357/w - 2/9 is divided by (2/(-4))/((-2)/20)?
3
Calculate the remainder when 42 is divided by -1*(-3 - 8) - 0.
9
Suppose -4*k - 1159 = 5*l, 0*k = -l - k - 231. Let v = -163 - l. Suppose -4*h + 5*d = 3*d - 100, -5*d = 4*h - v. What is the remainder when h is divided by 12?
11
Suppose -29 = -4*o - 2*y - 7, 4*y = -5*o + 32. What is the remainder when 22 is divided by o?
2
Let q(o) = -o**3 - o**2 - 7*o - 5. Calculate the remainder when q(-6) is divided by 55.
52
Let j(t) = -t + 9. Let m be (-6)/(-4) + (-1)/(-2). Suppose -3*l = -2*g - 4, 0 = 4*g - m*g - 4*l. Calculate the remainder when j(g) is divided by 9.
8
Suppose m = 5*t - 7, 0 = -2*m + 3*t + 2*t - 4. Suppose 3*v = -5*r + m*r + 16, -2*v = 5*r + 4. Let k = v - -18. Calculate the remainder when k is divided by 9.
8
Let c(t) = t**2 - t - 10. Let n be c(5). Let r = 1 + n. What is the remainder when 19 is divided by r?
8
Suppose -9 = 4*i + 3*u - 4, -5*i - 4*u = 5. Let k = 13 - 7. Let c = k - i. What is the remainder when c is divided by 4?
3
Let u(t) = t**3 - 6*t**2 - 6*t + 8. Let w(j) = -8*j**3 - 2*j**2 - 2*j - 1. Let n be w(-1). Calculate the remainder when u(n) is divided by 8.
7
Suppose 2*v = -q + 91, 119 = 4*v - 2*q - 75. Calculate the remainder when v is divided by 10.
7
Let i = -32 - -35. Let a be -3*(26/(-6) - -1). Calculate the remainder when 2/(-2 - (-24)/a) is divided by i.
2
Let c(w) = -2*w**3 + 10*w**2 - w - 5. Calculate the remainder when c(4) is divided by 12.
11
Let j = -16 + 24. Calculate the remainder when 25 is divided by j.
1
Suppose 2*h - 42 = -2*v, -2*h = 3*v - 29 - 30. Calculate the remainder when 56 is divided by v.
5
Suppose 0 = -3*m - p + 38, -m + 0*m + 5*p = -18. What is the remainder when 24 is divided by m?
11
Suppose 4*w + 1 = u - w, -2*u + 26 = 2*w. What is the remainder when 19 is divided by u?
8
Let t = 139 - 102. Calculate the remainder when 183 is divided by t.
35
Suppose 0*r - 24 = -2*r. Let h(t) = t - 3. Let d be h(3). Suppose 0*a + 2*a - r = d. Calculate the remainder when 11 is divided by a.
5
Let u = -13 + 21. Suppose 4*g = 2*g + 12. What is the remainder when (g/(-4) + 2)*44 is divided by u?
6
Suppose -3*y + 4*n - 74 = 0, -n - 2 - 84 = 4*y. Calculate the remainder when (y/4)/((-3)/18) is divided by 18.
15
Calculate the remainder when (141/6)/(1/2) is divided by (1 + 4/(-6))/(3/144).
15
Let m(o) = o**3 + 6*o**2 + 8. What is the remainder when 228 is divided by m(-5)?
30
Let f = -81 - -111. Suppose -2*g - 3*b - 180 = -5*g, -g = b - 54. What is the remainder when g is divided by f?
27
Let b(r) = r**3 + 4*r**2 - r + 7. What is the remainder when b(-4) is divided by 7?
4
Let w(p) = 3*p**2 - 5*p + 3. Calculate the remainder when 14 is divided by w(2).
4
Suppose 5*i - 24 = -y, -y = -2*i - 2*i + 21. Suppose 0 = -i*s - 43 + 138. Calculate the remainder when 55 is divided by s.
17
What is the remainder when 3/4*4 + 34 is divided by 10?
7
Suppose 5*g = 5*q + 5, -32 = -q - 4*g - 8. Suppose 4*f = 2*n + 134, q*f - f = -n + 98. Suppose 0 = -p + f - 1. Calculate the remainder when p is divided by 11.
10
Let u be (-5 + 3 + 1)*-21. Let m = 65 - u. What is the remainder when m is divided by (-34)/4*-2 + -2?
14
Let j be 2/(-4)*-4 - -79. Let p = -202 + 351. Suppose 0 = -5*m + p + j. What is the remainder when m is divided by 16?
14
Calculate the remainder when 62 is divided by 3*4/12*22.
18
What is the remainder when 27 is divided by 155/10 + (-4 - (-27)/6)?
11
Let u be 1232/(-35) - 1/(-5). What is the remainder when 37 is divided by (-3)/(-5) - 434/u?
11
Suppose 0 = -2*u + 6*u. Suppose 0 = 3*k + 4*x + 4, u*x + x = -5*k + 16. Calculate the remainder when 2/1 - (-9 - 2) is divided by k.
1
Let r(j) = 3*j**2 + j - 11. What is the remainder when 2 - (0 - -1) - -95 is divided by r(-4)?
30
Let a(q) = 3*q**2 - 7*q - 4 - q**2 - 3*q**2. Let v = 30 - 20. What is the remainder when v is divided by a(-5)?
4
Suppose 61 - 71 = -2*u. Suppose 5*k = k + 28. What is the remainder when k is divided by u?
2
Suppose 9*m - 792 = -13*m. Calculate the remainder when m is divided by 8.
4
Let p = 54 + -37. What is the remainder when p is divided by 10?
7
Let s = 34 - 5. Calculate the remainder when 114 is divided by s.
27
What is the remainder when 39 is divided by (-72)/(-5) + (-12)/30?
11
Suppose -o + 4*a + 94 = 0, 0 = -3*o + 5*a - 0*a + 282. What is the remainder when o is divided by 26?
16
Suppose -44 = 4*x - 16. Let v = x - -11. Suppose 3*k = 3*h, -h - v*k + 21 = 1. Calculate the remainder when h is divided by 3.
1
What is the remainder when (0 - (-68)/3)*3 is divided by 18?
14
Let t(x) = -x**2 - x + 13. Calculate the remainder when t(0) is divided by (8/24)/((-3)/(-63)).
6
Let y(u) = -u**2 + 9*u + 7. Let d be y(6). Suppose -4*n + 3 = -d. Suppose -3*z = 2*c - 1, -5*c - 3*z = -0*z - n. Calculate the remainder when c is divided by 1.
0
Let n be 2/(-8) - 641/(-4). Suppose 4*j - n = -0*j. Suppose 4*i + 16 = 2*r, 9 = -5*i + 24. What is the remainder when j is divided by r?
12
Let c = 10 - 8. Calculate the remainder when (1 + -3)/c*-15 is divided by 9.
6
Let m = -126 + 136. What is the remainder when 17 is divided by m?
7
Suppose -2*c = 3*t - 7*c - 21, t - 11 = 3*c. Suppose 4 = 2*p + t*p. Calculate the remainder when 2 is divided by p.
0
Let o = 101 - 28. Let u = o - 35. What is the remainder when u is divided by 13?
12
Let g(j) = j**3 + j**2. Let t be g(0). Suppose 5*u - 8 = -2*y, t = u + 4*u. Let b = 13 + -7. What is the remainder when b is divided by y?
2
Let z = -3 + 22. Let t(j) be the second derivative of -j**3/6 + 2*j**2 + j. What is the remainder when z is divided by t(-3)?
5
Suppose -c = c - 24. Calculate the remainder when ((-3)/6)/(1/(-46)) is divided by c.
11
Let j(s) = s**2 + 3*s - 10. Calculate the remainder when 54 is divided by j(3).
6
Let m(d) = d**2 - d - 2. Let q be m(3). What is the remainder when 16 is divided by (9/q)/((-3)/(-8))?
4
Let m(q) = -q**3 - 7*q**2 - 7*q - 8. Let g be m(-6). Let j = 32 - 22. Let w = j + g. What is the remainder when 22 is divided by w?
6
Suppose 0 = p + 2*p - 2*d - 32, -2*p + 15 = 5*d. Calculate the remainder when 47 is divided by p.
7
Let b(g) = 11*g - 6. What is the remainder when 20 is divided by b(2)?
4
Suppose -2*h - l - l = -46, 5*h - 4*l = 151. What is the remainder when 107 is divided by h?
26
What is the remainder when -20*(26/(-4) + 2) is divided by 1/2 + (-90)/(-4)?
21
Let o(c) = -3*c**3 - 2*c**2 + 2*c - 1. Let g be o(1). Let q be (-13)/3 + g/6. What is the remainder when 40 is divided by (14/q)/((-2)/10)?
12
Let p = -5 + 5. Suppose p = 3*f - f - 30. What is the remainder when 28 is divided by f?
13
Suppose 0*j = 2*j + 2, -175 = -4*k - 5*j. Let y be 0/(-1)*1/(-2). Suppose a + y*a = 12. What is the remainder when k is divided by a?
9
Let b(k) be the third derivative of k**5/60 - k**4/24 + k**3/6 - 10*k**2. Calculate the remainder when 78/4*(-2)/(-3) is divided by b(3).
6
Suppose -4*f + 45 = f. Let m be f/12 - 129/(-4). Suppose -82 = -5*u + m. Calculate the remainder when u is divided by 8.
7
Let r be (-4)/(-6) - (-91)/21. Suppose 0*p - 62 = -3*t - p, -r*t = -3*p - 94. What is the remainder when 29/(-1)*(-4)/2 is divided by t?
18
Let v(o) be the first derivative of o